er when 886458 is divided by 127?
125
What is the remainder when 2907646 is divided by 2015?
1
Calculate the remainder when 3367755 is divided by 56129.
15
Calculate the remainder when 30785895 is divided by 20.
15
What is the remainder when 3624174 is divided by 199?
185
Calculate the remainder when 6984213 is divided by 416.
405
Calculate the remainder when 187376 is divided by 381.
305
What is the remainder when 1559979 is divided by 1027?
993
Calculate the remainder when 5895 is divided by 322.
99
Calculate the remainder when 184453 is divided by 3416.
3405
What is the remainder when 243011 is divided by 401?
5
What is the remainder when 2922827 is divided by 553?
222
Calculate the remainder when 252205 is divided by 2.
1
What is the remainder when 24302782 is divided by 12?
10
Calculate the remainder when 36826 is divided by 958.
422
What is the remainder when 1594391 is divided by 767?
565
Calculate the remainder when 1361691 is divided by 2232.
171
What is the remainder when 242066 is divided by 48324?
446
What is the remainder when 40499 is divided by 881?
854
What is the remainder when 403491 is divided by 438?
93
Calculate the remainder when 129496699 is divided by 675.
649
Calculate the remainder when 5159849 is divided by 34.
9
What is the remainder when 20146555 is divided by 477?
460
What is the remainder when 48305 is divided by 22948?
2409
Calculate the remainder when 293196 is divided by 8143.
48
Calculate the remainder when 21486986 is divided by 5345.
86
Calculate the remainder when 17522579 is divided by 1201.
1190
What is the remainder when 5162222 is divided by 8194?
2
What is the remainder when 308279 is divided by 1907?
1252
Calculate the remainder when 1706608 is divided by 4902.
712
Calculate the remainder when 7283244 is divided by 23.
18
What is the remainder when 50312 is divided by 852?
44
What is the remainder when 2459775 is divided by 2370?
2085
Calculate the remainder when 5265283 is divided by 1755088.
19
Calculate the remainder when 5028525 is divided by 1834.
1531
What is the remainder when 150656 is divided by 691?
18
Calculate the remainder when 9643381 is divided by 1303.
1181
What is the remainder when 270814 is divided by 11019?
6358
Calculate the remainder when 19870 is divided by 183.
106
What is the remainder when 1081937 is divided by 338?
337
What is the remainder when 151711 is divided by 50563?
22
Calculate the remainder when 3859614 is divided by 3.
0
What is the remainder when 140006 is divided by 46483?
557
Calculate the remainder when 6364856 is divided by 59.
54
What is the remainder when 265943 is divided by 265557?
386
Calculate the remainder when 65736477 is divided by 65.
27
What is the remainder when 548251 is divided by 1608?
1531
Calculate the remainder when 10040426 is divided by 389.
336
Calculate the remainder when 245864 is divided by 49003.
849
What is the remainder when 31438 is divided by 511?
267
What is the remainder when 1554170 is divided by 517698?
1076
What is the remainder when 14046226 is divided by 7023107?
12
What is the remainder when 2139219 is divided by 3423?
3267
Calculate the remainder when 2443226 is divided by 244319.
36
Calculate the remainder when 1200630 is divided by 14464.
118
What is the remainder when 2421655 is divided by 4403?
5
Calculate the remainder when 2989 is divided by 521.
384
What is the remainder when 120679 is divided by 30168?
7
Calculate the remainder when 229615 is divided by 229407.
208
Calculate the remainder when 92161910 is divided by 5520.
5510
What is the remainder when 73885 is divided by 438?
301
What is the remainder when 2869 is divided by 913?
130
Calculate the remainder when 1500796 is divided by 3.
1
Calculate the remainder when 25858 is divided by 7968.
1954
What is the remainder when 178192352 is divided by 31?
12
What is the remainder when 21088891 is divided by 6067?
6066
Calculate the remainder when 9708 is divided by 1850.
458
What is the remainder when 42911735 is divided by 1533?
1532
Calculate the remainder when 102734 is divided by 51286.
162
Calculate the remainder when 12955 is divided by 2645.
2375
Calculate the remainder when 1214234 is divided by 86.
0
What is the remainder when 2680808 is divided by 431?
419
Calculate the remainder when 2081155 is divided by 148651.
41
What is the remainder when 112213 is divided by 112070?
143
Calculate the remainder when 466144 is divided by 2091.
1942
Calculate the remainder when 9617693 is divided by 88.
85
What is the remainder when 52600 is divided by 2935?
2705
Calculate the remainder when 1430508 is divided by 47661.
678
What is the remainder when 2513960 is divided by 7394?
0
Calculate the remainder when 1376055 is divided by 3253.
36
What is the remainder when 59285163 is divided by 6148?
6147
What is the remainder when 4581855 is divided by 572730?
15
Calculate the remainder when 18388 is divided by 909.
208
Calculate the remainder when 73272923 is divided by 8827.
8823
Calculate the remainder when 1001253399 is divided by 146.
145
Calculate the remainder when 44400227 is divided by 253.
245
What is the remainder when 159134 is divided by 7232?
30
Calculate the remainder when 2430548 is divided by 29.
0
Calculate the remainder when 117239 is divided by 4553.
3414
Calculate the remainder when 202216948 is divided by 169.
167
Calculate the remainder when 14038705 is divided by 2469.
2440
What is the remainder when 106856 is divided by 303?
200
What is the remainder when 4575179 is divided by 2059?
81
What is the remainder when 108642411 is divided by 11?
9
Calculate the remainder when 5303632 is divided by 2651740.
152
Calculate the remainder when 1534565 is divided by 383640.
5
Calculate the remainder when 14435978 is divided by 3693.
41
Calculate the remainder when 118557 is divided by 1198.
1153
Calculate the remainder when 1798323 is divided by 683.
667
Calculate the remainder when 24074437 is divided by 2407443.
7
What is the remainder when 190975223 is divided by 25?
23
Calculate the remainder when 4126533 is divided by 333.
330
Calculate the remainder when 4285565 is divided by 329658.
11
Calculate the remainder when 241942 is divided by 4319.
78
What is the remainder when 7735 is divided by 3295?
1145
Calculate the remainder when 100256085 is divided by 551.
533
Calculate the remainder when 693935 is divided by 36.
35
What is the remainder when 118605 is divided by 169?
136
What is the remainder when 6269228 is divided by 11378?
11328
What is the remainder when 51782 is divided by 49167?
2615
What is the remainder when 4379266 is divided by 149?
7
Calculate the remainder when 92073 is divided by 4930.
3333
What is the remainder when 14278 is divided by 14204?
74
Calculate the remainder when 1150773 is divided by 152.
133
What is the remainder when 5410441 is divided by 6284?
6201
What is the remainder when 6598181 is divided by 142?
9
What is the remainder when 35104 is divided by 936?
472
What is the remainder when 2482769 is divided by 79?
36
Calculate the remainder when 1321142 is divided by 8.
6
What is the remainder when 12480572 is divided by 21?
20
Calculate the remainder when 128218763 is divided by 311.
305
What is the remainder when 1667822 is divided by 833894?
34
Calculate the remainder when 39204 is divided by 16057.
7090
What is the remainder when 11466 is divided by 1934?
1796
What is the remainder when 70509 is divided by 1152?
237
What is the remainder when 29851 is divided by 1295?
66
Calculate the remainder when 4805928 is divided by 1601974.
6
Calculate the remainder when 5733947 is divided by 359.
358
What is the remainder when 102655348 is divided by 639?
637
Calculate the remainder when 264756743 is divided by 7574.
7573
Calculate the remainder when 428716060 is divided by 2039.
2037
Calculate the remainder when 1862666 is divided by 458.
438
What is the remainder when 1959149 is divided by 3096?
2477
Calculate the remainder when 37594566 is divided by 423.
18
What is the remainder when 512492 is divided by 8696?
8124
What is the remainder when 202908 is divided by 67595?
123
What is the remainder when 1768451 is divided by 644?
27
What is the remainder when 24421332 is divided by 4070222?
0
Calculate the remainder when 14916114 i